-200?
1120130
In base 2, what is -101001110 + 1001001100?
11111110
In base 2, what is 1110 - 1001101000111111100?
-1001101000111101110
In base 9, what is 111732 - -1?
111733
In base 13, what is 4301 - 128?
41a6
In base 8, what is -1 - 43740?
-43741
In base 10, what is -881 - -47?
-834
In base 5, what is -1 + -1040114?
-1040120
In base 3, what is -121201022 - 10?
-121201102
In base 15, what is -3 - e701?
-e704
In base 6, what is -15 + 111313?
111254
In base 13, what is 7ccc4 + 5?
7ccc9
In base 3, what is -200220002 - -10201?
-200202101
In base 14, what is 5c02 + -1?
5c01
In base 12, what is -13 - 43?
-56
In base 13, what is 18 + -287b2?
-28797
In base 8, what is 11307314 + -2?
11307312
In base 12, what is 4a - a085?
-a037
In base 12, what is -61bb + -80?
-627b
In base 11, what is -132 - 20?
-152
In base 11, what is -83 + 8a7?
824
In base 12, what is -a2 - -227?
145
In base 10, what is 547 + 1647?
2194
In base 8, what is -14 - -1063?
1047
In base 5, what is 1320 - 1311?
4
In base 3, what is 100201221 + 12?
100202010
In base 7, what is 135 + 1411?
1546
In base 10, what is 64473 + 4?
64477
In base 7, what is -410551 + -1?
-410552
In base 12, what is -55b85 + 10?
-55b75
In base 10, what is -17596 + 2?
-17594
In base 11, what is 20162 - -4?
20166
In base 12, what is 40 + -9639?
-95b9
In base 7, what is -251443 + 3?
-251440
In base 4, what is -33021 + 202121?
103100
In base 2, what is 10 - -1001010001101011?
1001010001101101
In base 11, what is a + -82796?
-82787
In base 14, what is 5d08 - 2?
5d06
In base 15, what is ca58 + -2?
ca56
In base 2, what is 11011 + 101010110010011000?
101010110010110011
In base 8, what is 60 - -64540?
64620
In base 15, what is -14 - 133d?
-1352
In base 11, what is -2 - 336a8?
-336aa
In base 2, what is 101010110111 + 10101100011?
1000000011010
In base 16, what is 139da3 + -4?
139d9f
In base 5, what is 0 + -110003?
-110003
In base 13, what is -1621 - -aa?
-1544
In base 15, what is 7565 - 8?
755c
In base 7, what is 220234 - -2?
220236
In base 6, what is -4 + -1145235?
-1145243
In base 6, what is -2120 - 15435?
-21555
In base 12, what is -6 + -82?
-88
In base 6, what is 3105 - 222?
2443
In base 8, what is -4 + -53006?
-53012
In base 14, what is -317 - -b30?
817
In base 2, what is -1100000000 + 1100010011?
10011
In base 3, what is -202012 + -1102?
-210121
In base 6, what is 412 - -102?
514
In base 15, what is -22a + 4?
-226
In base 16, what is 99d + -1a?
983
In base 4, what is -2 - 2303000?
-2303002
In base 4, what is -23203323 - -10?
-23203313
In base 10, what is -25650 + 3?
-25647
In base 10, what is -3 - -100489?
100486
In base 6, what is -1 + -45252?
-45253
In base 12, what is 5a8 - 298?
310
In base 4, what is 20113000310 + 0?
20113000310
In base 8, what is -2731177 + 3?
-2731174
In base 11, what is 365793 - -5?
365798
In base 7, what is -13 - 513660?
-514003
In base 12, what is 1403 + -392?
1031
In base 16, what is c + -a464?
-a458
In base 12, what is 636b7 + -5?
636b2
In base 6, what is -133554414 - -3?
-133554411
In base 9, what is 16373 - 6?
16366
In base 6, what is 201220 + -1?
201215
In base 5, what is -4413 - 223?
-10141
In base 13, what is -37 - 392c?
-3966
In base 8, what is 127 + 7505?
7634
In base 6, what is -5 - -14243?
14234
In base 2, what is -10 - -10011010110101100?
10011010110101010
In base 4, what is 0 + -1031230?
-1031230
In base 15, what is -360a73 - -4?
-360a6e
In base 5, what is 221021002 + 0?
221021002
In base 15, what is -2 + 3d45?
3d43
In base 7, what is -13 + -4?
-20
In base 16, what is -706 + -c?
-712
In base 2, what is 10100001101 + 100000111?
11000010100
In base 15, what is -b - -2e?
23
In base 10, what is 2821 - -94?
2915
In base 12, what is -26 - -1263?
1239
In base 5, what is 0 + -202004?
-202004
In base 5, what is -113313 + -14?
-113332
In base 10, what is 17919 + 23?
17942
In base 16, what is -c5 + 23?
-a2
In base 16, what is 17e + -17f3?
-1675
In base 14, what is 11 + -78aa?
-7899
In base 5, what is 0 - 201214?
-201214
In base 12, what is -16876b4 - -5?
-16876ab
In base 9, what is 387 - -6410?
6807
In base 8, what is 14 - 543?
-527
In base 9, what is 243404 - -1?
243405
In base 15, what is 118 - -c?
125
In base 11, what is 130a614 + 2?
130a616
In base 12, what is bb + 238?
337
In base 10, what is 93 + 549?
642
In base 9, what is 2 + 2163431?
2163433
In base 5, what is 40120 - -24?
40144
In base 3, what is 22 - 102000222?
-102000200
In base 10, what is 14568 - -2?
14570
In base 16, what is -1b44 - 3?
-1b47
In base 16, what is -2fda - 2?
-2fdc
In base 14, what is 2212 - -408?
261a
In base 2, what is -1001100011 + -1001100011?
-10011000110
In base 6, what is -5 - 54103022?
-54103031
In base 7, what is 111025 + 16?
111044
In base 10, what is 3 + -93282?
-93279
In base 8, what is 2060 + 1011?
3071
In base 8, what is -410 - 447?
-1057
In base 11, what is 3 - -72709?
72711
In base 14, what is -10c05a7 + -3?
-10c05aa
In base 7, what is 24105 - 4?
24101
In base 10, what is -128 + -210?
-338
In base 4, what is 103 + -220220?
-220111
In base 13, what is -4 - -125261?
12525a
In base 5, what is 131130 + -1?
131124
In base 7, what is -11 + 1163142?
1163131
In base 8, what is 14 + -302012?
-301776
In base 10, what is 5 + -43285?
-43280
In base 3, what is -2211 - 1120222?
-1200210
In base 4, what is 212 + 330020?
330232
In base 9, what is -277 - -708?
421
In base 4, what is -10 + 1220121?
1220111
In base 14, what is 191 - -43?
1d4
In base 9, what is 7 + 10350?
10357
In base 11, what is -5229 + 7?
-5222
In base 8, what is 1 + -134234?
-134233
In base 6, what is 3 - -155240?
155243
In base 13, what is -18 + -202?
-21a
In base 9, what is 843281 - 4?
843276
In base 5, what is -12 - -22410?
22343
In base 15, what is -42 + -3009?
-304b
In base 15, what is -4 - -e956?
e952
In base 7, what is -320265 + 3?
-320262
In base 14, what is 4037 + 12?
4049
In base 10, what is -68027 + 4?
-68023
In base 9, what is 511 - -2214?
2725
In base 14, what is -ca - 3ab?
-497
In base 2, what is -10 + -1000111010010101?
-1000111010010111
In base 13, what is -1c4 - 2c8?
-4bc
In base 4, what is -101321 - 1203?
-103130
In base 16, what is addc6 - -4?
addca
In base 11, what is 15a - 616?
-467
In base 14, what is 40a + -13?
3d7
In base 5, what is 123240043 - 3?
123240040
In base 7, what is 20154 - 141?
20013
In base 4, what is 222110 - -2?
222112
In base 3, what is 220121 - -10?
220201
In base 14, what is 15d29 - -5?
15d30
In base 5, what is 3 - -223201?
223204
In base 12, what is -2281b1 + 1?
-2281b0
In base 4, what is 12 + 2320?
2332
In base 7, what is 10 - 56046?
-56036
In base 7, what is 400455 - -2?
400460
In base 13, what is 2 - 2a293?
-2a291
In base 9, what is 1364 + -1?
1363
In base 5, what is -413 - -11232?
10314
In base 14, what is 38 + 8da?
934
In base 16, what is -d0 + a3?
-2d
In base 9, what is -56621 + -4?
-56625
In base 3, what is 2101 - 20012201?
-20010100
In base 12, what is -88b - 982?
-1651
In base 14, what is -50b0 + -18?
-50c8
In base 13, what is 1 + 549a?
549b
In base 13, what is 3 + 449b8?
449bb
In base 15, what is -141d + -5?
-1423
In base 12, what is 8 - 3b7?
-3ab
In base 11, what is -1 - -2a3627?
2a3626
In base 4, what is 2330130223 - -11?
2330130300
In base 15, what is -16cb5 - 1?
-16cb6
In base 12, what is 16 - 340?
-326
In base 12, what is 3 - 3aa0?
-3a99
In base 11, what is 32732 - 3?
3272a
In base 8, what is 574707 - -1?
574710
In base 5, what is 4 + -4042413?
-4042404
In base 11, what is -372 - 34?
-3a6
In base 9, what is 27568 - 2?
27566
In base 3, what is 111120202010 - 12?
111120201221
In base 4, what is -2230 + 2110202?
2101312
In base 4, what is -13 + -120321330?
-120322003
In base 6, what is -1 + 1245545?
1245544
In base 11, what is -8 + 21a2?
2195
In base 13, what is -1a + 2b97?
2b7a
In base 14, what is -654 - 140?
-794
In base 14, what is -b9 + 95?
-24
In base 5, what is -31013 + 3?
-31010
In base 9, what is -20 + 127?
107
In base 14, what is 75cb - -5?
75d2
In base 16, what is 5abc6 - -2?
5abc8
In base 8, what is 210435 + 3?
210440
In base 11, what is 450 + -2125?
-1785
In base 3, what is 111210020201 - -21?
111210020222
In base 13, what is -739 - 63?
-79c
In base 3, what is 110020 - 10122?
22121
In base 12, what is 7 - b992?
-b987
In base 10, what is 144348 + -1?
144347
In base 2, what is 1